 Let c be p(-7). Suppose d + s + 6 = 0, -d + 5*s - 20 = 4*d. Let g = d - c. Calculate q(g).
-9
Let z(a) = 10 - a + 0*a + 7 - 3 - 1. Give z(13).
0
Let q(l) be the first derivative of l**4/12 - l**3/2 - 3*l**2/2 + 3. Let r(p) be the second derivative of q(p). Let c = -7 - -4. What is r(c)?
-9
Suppose 10 = -u + 3*u, 0 = -3*t + 2*u - 16. Let v be 21/(-42) + (-15)/t. Let f(m) = -m**3 + 7*m**2 + 1. Calculate f(v).
1
Let i = -5 + 5. Let n(h) = -6*h - h**2 + 0*h**2 + i*h**2 + 0*h**2 - 1. Suppose 3*t = 5*s + 31, 36*s - 32*s + 22 = t. Give n(s).
4
Let z(x) = 27*x**2 + 715*x**3 - 714*x**3 + 2*x + 0*x + 3 + 14 - 12*x**2. Determine z(-15).
-13
Let l(z) = -3*z + 1. Let x(p) = 5*p - 1. Let d(w) = -3*l(w) - 2*x(w). Suppose -5*q = -23*q + 18. Give d(q).
-2
Let f = 117 + -121. Let v(n) = -n**3 - 4*n**2 - 6*n. Calculate v(f).
24
Let v(o) be the first derivative of -o**3/3 + 3*o**2/2 - 3*o + 8. Suppose 4*s + s - 10 = 0. What is v(s)?
-1
Let n(g) = 4*g - 6. Let m be n(4). Let q be (20/8 - 3)*m. Let v(u) be the third derivative of -u**6/120 - u**5/15 + 5*u**4/24 - 7*u**3/6 + u**2. Calculate v(q).
-7
Let z(b) = -b**2 - 14*b - 40. Let i(n) = n - 11. Let r be i(2). Give z(r).
5
Let v be 0/(2/(1*-1)). Let x be (0 - 4) + -1 + v. Let p(o) be the third derivative of o**5/60 + o**4/8 - o**3/2 + 2*o**2 - 46*o + 19. Determine p(x).
7
Let z(w) be the first derivative of w**3/3 + 3*w**2 - 9*w - 174. Calculate z(-7).
-2
Let t(r) = -4*r**2 - 14*r + 4. Suppose -130*j = -135*j + 2*b - 36, j - 5*b = -21. Determine t(j).
-56
Let w(x) be the second derivative of -x**3/3 + 542*x. Suppose 4*v + 7 = -5. Calculate w(v).
6
Let h(s) be the second derivative of -s**4/12 + 4*s**3/3 - 11*s**2/2 + 13*s. Let i be h(4). Let z(w) = -w**3 + 5*w**2 + 6. Calculate z(i).
6
Let o(y) = y**3 + 4*y**2 - 5*y + 5. Let h(r) = r**2 - 18*r + 75. Let a be h(8). Calculate o(a).
5
Let v(t) = -5*t + t**2 + 4 - 6 - t**3 - 14*t**3 + 16*t**3. Let k = -3 - 0. Calculate v(k).
-5
Let u be 2/(-6) + 356/(-12). Let c = u - -38. Let q(w) = w - 3. Give q(c).
5
Let a(b) = 3*b + 8. Let j(l) be the third derivative of l**4/12 + 4*l**3/3 + 11*l**2. Let z(m) = 3*a(m) - 4*j(m). Determine z(7).
-1
Let t(y) = y**3 + 9*y**2 + 10*y + 20. Let d be 1/(9/(-8) - -1). Give t(d).
4
Suppose -8 = 4*g + 4*t, g - 3*t = 24 - 22. Let j(s) = -44*s**3 + s**2 + 2*s + 1. Determine j(g).
44
Suppose -3*i = -x - 3, -3*i = 5*x - 15 - 6. Let t(q) = 2 - 2*q - 1 + q**2 + 0*q. Give t(i).
1
Let u(h) = -1530*h - 3*h**2 + 0*h**2 + 1533*h. Suppose 0 = -o - 0 + 2. What is u(o)?
-6
Let q be -4 - -2*4/2. Let p(r) = -r**3 - 2*r**2 - r + 2. Determine p(q).
2
Let i be -4 - -1*4/1. Let c(m) = -14 - m + i*m**3 - 11 + m**3 + 20. Suppose p = -3*p. Give c(p).
-5
Suppose 0 = -5*k - 7 - 3. Let z(r) be the third derivative of r**4/24 - r**3/6 - 47*r**2. What is z(k)?
-3
Let p(r) = -7*r - 2 - 4*r**2 + 2*r + 6*r + 0*r. Let t = 7 - 5. Give p(t).
-16
Let t = 6515 - 4334. Let i(h) = h + 2181 - t. Give i(-1).
-1
Let i(x) = -7*x**2 - 4. Suppose 10 = -2*c, -5*w + 9*c + 10 = 5*c. Calculate i(w).
-32
Let c(n) be the second derivative of 17*n**3/6 - 6*n. Suppose 2*a = -b + 2*b + 2, -a + 2*b + 1 = 0. Calculate c(a).
17
Let r(t) = t**3 - 8*t**2 + t - 6. Let u(p) = -p**3 + 17*p**2 + 18*p + 5. Let w be u(18). Suppose -2*b - 42 = -w*g, -3*g - b = g - 31. Determine r(g).
2
Let p(i) be the first derivative of -i**5/60 + 7*i**4/24 + 17*i**2/2 + 18. Let v(w) be the second derivative of p(w). What is v(6)?
6
Let o(t) = -t**3 - t + 6. Let p(r) be the first derivative of -1/4*r**4 + 0*r - 4/3*r**3 + 5/2*r**2 + 5. Let y be p(-5). Calculate o(y).
6
Let t(f) = f**3 + 5*f**2 - 4*f + 3. Suppose 0 = -6*i + 5*i + 59. Suppose -i*h - 24 = -55*h. What is t(h)?
-9
Let h(g) be the first derivative of -g**4/2 + g**3 + 2*g**2 + 2*g + 1. Let l = -1095 - -1093. Determine h(l).
22
Let i(n) = -4*n**2 - 3*n + 13. Let d(l) = -9*l**2 - 7*l + 30. Let u(t) = -3*d(t) + 7*i(t). Determine u(2).
-3
Suppose -3*c + 1 = -3*m - 2, -3*c + 2*m = -5. Let o(n) = -22 + n + 37 - 13 - c*n. Calculate o(-4).
10
Let b(f) = f - 7. Let m = 91 - 127. Let r = 63 + m. Suppose 7 - r = -4*u. Determine b(u).
-2
Let p(y) = y + 7. Let z(k) = -k**3 - k**2 - 2*k - 8. Let b be z(0). Let j be 1/2*4 + b. Give p(j).
1
Let w(u) = -2*u + 10. Suppose -298*r - 21 = -301*r. Determine w(r).
-4
Let i(b) = -5 + 21*b + 4 - 25*b. Calculate i(1).
-5
Let k(d) = d**3 - 2*d**2 - 2*d + 3. Suppose -3*i + 2*r + 4 = 0, 2*r = 16*i - 20*i + 24. What is k(i)?
27
Let p(w) = -2*w**3 + w**2 - 2*w + 11. Let y be (4 - 4)/((-9)/(15/5)). Calculate p(y).
11
Let i = -10 + 14. Let m be (-36)/(-16) - 1/i. Let n(o) = -m*o + o**3 - o + 0 - 1 + 2*o. Calculate n(-1).
-1
Let r(l) = l**3 - 3*l**2 - 2*l + 2. Let h = 32 - 30. Let q(j) = -j**2 + j**3 - 5*j**3 + h*j**3 - 2*j**2. Let u be q(-2). What is r(u)?
10
Let f(r) = -5*r + 8. Let j(y) = -66*y + 103. Let s(z) = 66*z - 102. Let i(m) = 3*j(m) + 2*s(m). Let t(q) = -27*f(q) + 2*i(q). Determine t(5).
9
Let c be 4/22 + 36/(-198). Suppose 0 = -c*z - 5*z - 15. Let p(b) = -b**3 - 2*b**2 + 3*b - 3. Determine p(z).
-3
Let i = 4 - 3. Let h(o) = -5*o + 10 - 9 + 12*o**2 + 2*o**3 + 3*o**3. Let q(c) = c**3 + c**2 - c + 1. Let t(w) = i*h(w) - 6*q(w). What is t(6)?
1
Suppose 2 = 2*q - 28. Let t be 90/q + 1 + -1. Let z(r) = -r**2 + 4*r - 3. Give z(t).
-15
Let d(x) = -x**3 + 4*x**2 + 6*x - 1. Let p be d(5). Suppose -p*z + 28 + 4 = 0. Let n(f) = -f + 6. Determine n(z).
-2
Let c be -7*(-7)/((-196)/(-16)). Let j(p) = -c*p**2 - 4 - p**3 + 5 + 8*p**2 + p + 2*p**2. Suppose -2*i + 2*x = 2*i - 22, 16 = 2*i + 4*x. Give j(i).
7
Let l = 134 - 136. Let b(i) = -i**3 - i**2. Give b(l).
4
Let b be 5/(-2)*42/(-35) + -8. Let n(o) = -2*o + 0 + o + 2. What is n(b)?
7
Let k(v) = v**3 + 4*v**2 + v. Let g be k(-4). Let q(y) = 3 - 10115*y + 10106*y - 5 - y**2 - 2. Determine q(g).
16
Let p(b) = 6*b + 6. Suppose -o - 23 = -2*a + 4*a, 4*a = -3*o - 47. Calculate p(a).
-60
Let m(u) = -u**3 - 11*u**2 - 220*u - 2104. Let p be m(-10). Let v(w) = w**2 + 2*w + 4. Let z(i) = i**2 + i + 4. Let b(d) = -3*v(d) + 2*z(d). What is b(p)?
-4
Let n(s) = -s**3 - 21*s**2 - s - 19. Let v = 826 + -847. Determine n(v).
2
Let k(i) = -2*i + 6. Let r be k(5). Let f(w) be the first derivative of -w**2/2 + 5*w + 32. Determine f(r).
9
Let z(h) be the first derivative of -h**4/4 - 2*h**3 - 2*h**2 + h - 44. Calculate z(-3).
-14
Let s be 290/(-30) - 2/6. Let m be (-5)/((-75)/84) + (-4)/s. Let z(q) = q**2 - 7*q + 2. Calculate z(m).
-4
Let m(v) = 6*v - 12. Let j(t) = 3*t - 5. Let w(g) = 5*j(g) - 2*m(g). Give w(-1).
-4
Suppose i + 2 = 3*i. Let s(j) be the first derivative of 7/2*j**2 - j + 8. Calculate s(i).
6
Let f(i) = 17*i - 8. Let h(o) = -20*o + 10. Let d(r) = -4*f(r) - 3*h(r). Give d(-3).
26
Let r = -441 - -438. Let h(u) be the second derivative of -u**4/12 - u**3/3 - u**2/2 - u. Calculate h(r).
-4
Let y(g) = g**2 - 22*g - 13. Let q(f) = f**3 + 10*f**2 - 30*f - 4. Let z be q(3). What is y(z)?
10
Let a(y) = -y**3 - 7*y**2 + 7*y - 2. Let x be a(-8). Let r(o) = -o + 15. Let z be r(-15). Suppose -z = -h + x*h. Let p(c) = -c**2 - 5*c + 4. What is p(h)?
-2
Let v = 459 + -455. Let q(c) = 7*c - 5. What is q(v)?
23
Let x(k) = -k**2 + 4*k - 2. Let v = 11 + -7. Suppose -g - 9 = -3*b + 2*g, 0 = v*b + g - 12. Calculate x(b).
1
Let o(u) = u**3 - 3*u**2 - 7*u + 5. Let l be o(4). Let f(r) = 8 - 1 + r**2 + 1 + 6*r. Give f(l).
15
Suppose 6*b - 8 = 2*b. Let s(q) = -b*q**3 + q + 7*q**2 + 5*q**3 - 2*q - 6*q**2. Let x = 2 - 1. Give s(x).
3
Let q = 110 - 111. Let v be (q - -8)*(-3)/(-9)*3. Let w(i) = -i**2 + 9*i - 9. Determine w(v).
5
Let p(m) = m**3 - 3*m**2 + m - 8. Suppose -5*q + 8 = h, -3*h = -0*q + q - 10. Calculate p(h).
-5
Let a = 10 - 14. Let b(x) = -2*x - 1. Let h(g) = 5*g + 2. Let f(k) = a*h(k) - 9*b(k). Determine f(3).
-5
Let v be (-2)/(32/(-10) - -3). Suppose -3*q = y - 6, v = -0*y + 3*y + q. Suppose -b - 3 = h, -y*h = 5*b - 5*h - 13. Let n(a) = 8*a. Determine n(b).
8
Let r(i) = 5*i - 31. Let n be r(4). Let d(s) = -s**2 - 12*s - 10. What is d(n)?
1
Let g(t) = -t**2 - 8*t - 8. Let a be (-63)/147 - 53/7. Calculate g(a).
-8
Let u(r) = r**2 - 4. Let w(q) = -2*q**2 - q + 7. Let s(f) = -7*u(f) - 4*w(f). Let l be s(-5). Let z(k) = 0*k**2 + 5*k + 7 + 3*k**2 - 4*k**2. Give z(l).
7
Let d = 6 - -4. Let m(i) = -3*i**3 - 9*i**2 - 1